composite?
False
Is 8976139 composite?
True
Is 61046663 composite?
True
Is 21466397 a composite number?
False
Is 1249169 a composite number?
True
Is 3928289 a prime number?
False
Is 1970343703 prime?
True
Is 29511187 a prime number?
True
Is 15023451 a prime number?
False
Is 384489451 a composite number?
False
Is 2928589 composite?
True
Is 356574139 a prime number?
False
Is 713114177 prime?
True
Is 2568793 prime?
True
Is 138338201 a composite number?
False
Is 82671427 a prime number?
True
Is 16957247 a prime number?
True
Is 15735373 composite?
False
Is 15191097 a prime number?
False
Is 8401253 prime?
False
Is 81950263 prime?
True
Is 260317 composite?
False
Is 4283471 composite?
True
Is 295763 a prime number?
False
Is 30311331 a composite number?
True
Is 3622249 composite?
True
Is 3681217 prime?
True
Is 6425169 a prime number?
False
Is 26956357 prime?
False
Is 6791173 prime?
False
Is 44408627 composite?
False
Is 740317 a composite number?
True
Is 15530143 a composite number?
False
Is 1169947 a composite number?
True
Is 37028078 composite?
True
Is 4803049 a composite number?
False
Is 27072559 prime?
False
Is 530357533 a prime number?
False
Is 12605681 a composite number?
True
Is 65004911 a prime number?
True
Is 5240017 prime?
True
Is 3050623 a composite number?
True
Is 12047173 a composite number?
False
Is 833951 composite?
True
Is 1301119 composite?
False
Is 65460373 composite?
True
Is 7233859 a prime number?
False
Is 3503029 a prime number?
True
Is 1344457 a composite number?
False
Is 565897 prime?
False
Is 2259781 prime?
True
Is 22959457 a composite number?
False
Is 45604022 a prime number?
False
Is 1251032273 composite?
False
Is 3125983 a composite number?
True
Is 7532281 a prime number?
False
Is 88921501 composite?
True
Is 3263431 a prime number?
True
Is 128147 a prime number?
True
Is 518863 composite?
False
Is 45195419 composite?
False
Is 333011621 a composite number?
False
Is 15468403 a prime number?
True
Is 9109427 composite?
False
Is 4046209 a composite number?
True
Is 3799169 composite?
True
Is 5584378 composite?
True
Is 382078295 composite?
True
Is 16704227 a prime number?
True
Is 1897541 composite?
True
Is 30376483 composite?
False
Is 23628853 prime?
True
Is 20961093 a composite number?
True
Is 291199637 composite?
False
Is 7488737 a composite number?
False
Is 11624213 prime?
True
Is 112637689 a composite number?
False
Is 474909089 a composite number?
True
Is 42049213 a composite number?
True
Is 119127241 composite?
False
Is 12422401 prime?
True
Is 4295689 prime?
True
Is 7654159 a prime number?
False
Is 114157289 a prime number?
False
Is 66410923 composite?
True
Is 2095679 a composite number?
False
Is 60871829 a prime number?
True
Is 4197553 composite?
False
Is 99219097 composite?
False
Is 21048857 prime?
True
Is 5005795 prime?
False
Is 212671399 composite?
True
Is 38297083 a composite number?
True
Is 255743 a prime number?
True
Is 158413 composite?
True
Is 537157 a prime number?
True
Is 54591013 a composite number?
True
Is 633989 prime?
False
Is 9996193 composite?
True
Is 37087537 prime?
False
Is 2259763 a composite number?
True
Is 58575161 a composite number?
False
Is 4973483 prime?
True
Is 336058763 composite?
False
Is 267420689 a prime number?
True
Is 15551479 a composite number?
False
Is 31505281 prime?
False
Is 490201 a prime number?
True
Is 113439983 a composite number?
False
Is 1473981 a prime number?
False
Is 308736143 a prime number?
True
Is 164623603 composite?
False
Is 3881207 a prime number?
False
Is 74156179 a prime number?
True
Is 4263659 a prime number?
True
Is 46517447 prime?
True
Is 259712471 composite?
True
Is 6186409 a prime number?
False
Is 21449083 a composite number?
False
Is 83323819 prime?
True
Is 16354339 a composite number?
False
Is 793223 a composite number?
True
Is 13090157 a prime number?
True
Is 1853377 a prime number?
True
Is 1215646 a composite number?
True
Is 17620991 prime?
False
Is 48108397 a prime number?
True
Is 878777 composite?
False
Is 1494557 prime?
True
Is 24828803 a prime number?
True
Is 2258779 a prime number?
True
Is 219187 a prime number?
True
Is 57118933 a composite number?
True
Is 804169733 composite?
False
Is 12656183 a composite number?
True
Is 132846583 a prime number?
False
Is 314695 a prime number?
False
Is 816863 prime?
False
Is 658728317 a prime number?
False
Is 115697399 prime?
True
Is 34866931 composite?
True
Is 773401 composite?
True
Is 189253567 composite?
False
Is 24729077 prime?
True
Is 95784191 a prime number?
True
Is 8093429 a prime number?
True
Is 87091633 a composite number?
False
Is 106809 prime?
False
Is 312857245 a composite number?
True
Is 2739453 prime?
False
Is 1081895 a prime number?
False
Is 11089867 prime?
True
Is 1481251 a prime number?
False
Is 17341403 prime?
True
Is 46271507 a composite number?
False
Is 21763061 composite?
False
Is 1693847 a prime number?
False
Is 820343 a composite number?
False
Is 869563 a composite number?
False
Is 1411841 composite?
True
Is 13287919 composite?
True
Is 18730087 prime?
False
Is 151262117 a prime number?
True
Is 1328843 a prime number?
True
Is 3867559 a composite number?
True
Is 12231029 a composite number?
True
Is 5343929 prime?
True
Is 93508843 a composite number?
False
Is 2921753 a prime number?
True
Is 991313 composite?
False
Is 17266423 a composite number?
False
Is 103331 a prime number?
False
Is 40378619 a prime number?
True
Is 92331377 a composite number?
True
Is 77810969 composite?
False
Is 3592483 composite?
False
Is 306694337 composite?
False
Is 1643479 a composite number?
True
Is 9214131 a composite number?
True
Is 25003471 prime?
True
Is 1506877 a composite number?
False
Is 80039 a prime number?
True
Is 91107089 composite?
False
Is 411937 a composite number?
False
Is 878127 a composite number?
True
Is 61631 prime?
True
Is 23542939 a composite number?
True
Is 16145543 composite?
True
Is 5947021 prime?
False
Is 92033 a prime number?
True
Is 24894113 a prime number?
True
Is 50205433 a prime number?
True
Is 37333 composite?
True
Is 28362955 composite?
True
Is 85016233 prime?
False
Is 38685587 a prime number?
True
Is 85904246 a composite number?
True
Is 1703516491 a composite number?
False
Is 613421 a prime number?
True
Is 29219341 prime?
True
Is 2177573131 prime?
True
Is 8443433 composite?
False
Is 30985753 prime?
True
Is 4890601 composite?
True
Is 43341757 prime?
False
Is 1147547 a composite number?
True
Is 11822251 a composite number?
True
Is 3437722 a composite number?
True
Is 350727679 prime?
False
Is 126096889 a prime number?
True
Is 450611 a prime number?
False
Is 3687067 a prime number?
False
Is 3176351 a composite number?
False
Is 2915257 a composite number?
False
Is 174990887 a prime number?
False
Is 5259209 composite?
False
Is 10695221 composite?
False
Is 84783287 a prime number?
True
Is 36193753 a prime number?
False
Is 145865693 a prime number?
False
Is 197085001 composite?
False
Is 6406663 prime?
False
Is 18638879 a prime number?
False
Is 48686821 composite?
False
Is 505071899 composite?
False
Is 108277399 a composite number?
True
Is 157386791 prime?
True
Is 40527001 prime?
False
Is 27810941 a composite number?
False
Is 197947 a composite number?
False
Is 10644077 a prime number?
True
Is 1170131 a composite number?
False
Is 55464347 prime?
True
Is 1604248797 a composite number?
True
Is 880057 composite?
False
Is 13622341 composite?
False
Is 72141521 a composite number?
False
Is 15086539 prime?
False
Is 43055449 a composite number?
True
Is 4772227 a composite number?
False
Is 16010401 a prime number?
False
Is 5172467 composite?
True
Is 1269965 composite?
True
Is 45954983 composite?
False
Is 190398451 a composite number?
False
Is 23718457 a prime number?
False
Is 47602931 a composite number?
False
Is 1218307 a prime number?
True
Is 2483989 prime?
False
Is 4087963 prime?
False
Is 1746203 prime?
True
Is 1726427 composite?
True
Is 67998977 composite?
False
Is 41680253 prime?
True
Is 1742753 a prime number?
True
Is 1035233 a composite number?
True
Is 96900751 prime?
True
Is 162130651 composite?
True
Is 71421205 composite?
True
Is 11769949 a prime number?
False
Is 123636619 composite?
False
Is 4332577 prime?
True
Is 326130859 a composite number?
False
Is 153368921 a prime number?
True
Is 23130547 prime?
